{"id":302,"date":"2024-01-29T02:32:58","date_gmt":"2024-01-29T01:32:58","guid":{"rendered":"https:\/\/higadocolombia.org\/?page_id=302"},"modified":"2024-03-05T18:34:21","modified_gmt":"2024-03-05T23:34:21","slug":"estatutos","status":"publish","type":"page","link":"https:\/\/higadocolombia.org\/inicio\/estatutos\/","title":{"rendered":"Estatutos"},"content":{"rendered":"\t\t<div data-elementor-type=\"wp-page\" data-elementor-id=\"302\" class=\"elementor elementor-302\" data-elementor-post-type=\"page\">\n\t\t\t\t<div class=\"elementor-element elementor-element-c1c837c e-con-full e-flex wpr-particle-no wpr-jarallax-no wpr-parallax-no wpr-sticky-section-no e-con e-parent\" data-id=\"c1c837c\" data-element_type=\"container\" data-settings=\"{&quot;background_background&quot;:&quot;classic&quot;}\">\n\t\t\t\t<div class=\"elementor-element elementor-element-f24b806 elementor-widget elementor-widget-heading\" data-id=\"f24b806\" data-element_type=\"widget\" data-widget_type=\"heading.default\">\n\t\t\t\t<div class=\"elementor-widget-container\">\n\t\t\t\t\t<h2 class=\"elementor-heading-title elementor-size-default\">Estatutos<\/h2>\t\t\t\t<\/div>\n\t\t\t\t<\/div>\n\t\t\t\t<\/div>\n\t\t<div class=\"elementor-element elementor-element-e73b709 e-flex e-con-boxed wpr-particle-no wpr-jarallax-no wpr-parallax-no wpr-sticky-section-no e-con e-parent\" data-id=\"e73b709\" data-element_type=\"container\">\n\t\t\t\t\t<div class=\"e-con-inner\">\n\t\t<div class=\"elementor-element elementor-element-c1d9a32 e-con-full e-flex wpr-particle-no wpr-jarallax-no wpr-parallax-no wpr-sticky-section-no e-con e-child\" data-id=\"c1d9a32\" data-element_type=\"container\">\n\t\t\t\t<div class=\"elementor-element elementor-element-1f68340 elementor-widget elementor-widget-image-box\" data-id=\"1f68340\" data-element_type=\"widget\" data-widget_type=\"image-box.default\">\n\t\t\t\t<div class=\"elementor-widget-container\">\n\t\t\t\t\t<div class=\"elementor-image-box-wrapper\"><div class=\"elementor-image-box-content\"><h3 class=\"elementor-image-box-title\"><a href=\"https:\/\/higadocolombia.org\/wp-content\/uploads\/2024\/01\/CAP_I.pdf\">Cap\u00edtulo 1.<\/a><\/h3><p class=\"elementor-image-box-description\">Ver documento<\/p><\/div><\/div>\t\t\t\t<\/div>\n\t\t\t\t<\/div>\n\t\t\t\t<\/div>\n\t\t<div class=\"elementor-element elementor-element-5f4c64b e-con-full e-flex wpr-particle-no wpr-jarallax-no wpr-parallax-no wpr-sticky-section-no e-con e-child\" data-id=\"5f4c64b\" data-element_type=\"container\">\n\t\t\t\t<div class=\"elementor-element elementor-element-664225b elementor-widget elementor-widget-image-box\" data-id=\"664225b\" data-element_type=\"widget\" data-widget_type=\"image-box.default\">\n\t\t\t\t<div class=\"elementor-widget-container\">\n\t\t\t\t\t<div class=\"elementor-image-box-wrapper\"><div class=\"elementor-image-box-content\"><h3 class=\"elementor-image-box-title\"><a href=\"https:\/\/higadocolombia.org\/wp-content\/uploads\/2024\/01\/CAP_II.pdf\">Cap\u00edtulo 2.<\/a><\/h3><p class=\"elementor-image-box-description\">Ver documento<\/p><\/div><\/div>\t\t\t\t<\/div>\n\t\t\t\t<\/div>\n\t\t\t\t<\/div>\n\t\t<div class=\"elementor-element elementor-element-363f5f1 e-con-full e-flex wpr-particle-no wpr-jarallax-no wpr-parallax-no wpr-sticky-section-no e-con e-child\" data-id=\"363f5f1\" data-element_type=\"container\">\n\t\t\t\t<div class=\"elementor-element elementor-element-9ef874e elementor-widget elementor-widget-image-box\" data-id=\"9ef874e\" data-element_type=\"widget\" data-widget_type=\"image-box.default\">\n\t\t\t\t<div class=\"elementor-widget-container\">\n\t\t\t\t\t<div class=\"elementor-image-box-wrapper\"><div class=\"elementor-image-box-content\"><h3 class=\"elementor-image-box-title\"><a href=\"https:\/\/higadocolombia.org\/wp-content\/uploads\/2024\/01\/CAP_III.pdf\">Cap\u00edtulo 3.<\/a><\/h3><p class=\"elementor-image-box-description\">Ver documento<\/p><\/div><\/div>\t\t\t\t<\/div>\n\t\t\t\t<\/div>\n\t\t\t\t<\/div>\n\t\t<div class=\"elementor-element elementor-element-3ed26b0 e-con-full e-flex wpr-particle-no wpr-jarallax-no wpr-parallax-no wpr-sticky-section-no e-con e-child\" data-id=\"3ed26b0\" data-element_type=\"container\">\n\t\t\t\t<div class=\"elementor-element elementor-element-18cf5e5 elementor-widget elementor-widget-image-box\" data-id=\"18cf5e5\" data-element_type=\"widget\" data-widget_type=\"image-box.default\">\n\t\t\t\t<div class=\"elementor-widget-container\">\n\t\t\t\t\t<div class=\"elementor-image-box-wrapper\"><div class=\"elementor-image-box-content\"><h3 class=\"elementor-image-box-title\"><a href=\"https:\/\/higadocolombia.org\/wp-content\/uploads\/2024\/01\/CAP_IV.pdf\">Cap\u00edtulo 4.<\/a><\/h3><p class=\"elementor-image-box-description\">Ver documento<\/p><\/div><\/div>\t\t\t\t<\/div>\n\t\t\t\t<\/div>\n\t\t\t\t<\/div>\n\t\t\t\t\t<\/div>\n\t\t\t\t<\/div>\n\t\t<div class=\"elementor-element elementor-element-a991d1f e-flex e-con-boxed wpr-particle-no wpr-jarallax-no wpr-parallax-no wpr-sticky-section-no e-con e-parent\" data-id=\"a991d1f\" data-element_type=\"container\">\n\t\t\t\t\t<div class=\"e-con-inner\">\n\t\t<div class=\"elementor-element elementor-element-964fce6 e-con-full e-flex wpr-particle-no wpr-jarallax-no wpr-parallax-no wpr-sticky-section-no e-con e-child\" data-id=\"964fce6\" data-element_type=\"container\">\n\t\t\t\t<div class=\"elementor-element elementor-element-b2e0303 elementor-widget elementor-widget-image-box\" data-id=\"b2e0303\" data-element_type=\"widget\" data-widget_type=\"image-box.default\">\n\t\t\t\t<div class=\"elementor-widget-container\">\n\t\t\t\t\t<div class=\"elementor-image-box-wrapper\"><div class=\"elementor-image-box-content\"><h3 class=\"elementor-image-box-title\"><a href=\"https:\/\/higadocolombia.org\/wp-content\/uploads\/2024\/01\/CAP_V.pdf\">Cap\u00edtulo 5.<\/a><\/h3><p class=\"elementor-image-box-description\">Ver documento<\/p><\/div><\/div>\t\t\t\t<\/div>\n\t\t\t\t<\/div>\n\t\t\t\t<\/div>\n\t\t<div class=\"elementor-element elementor-element-03159dc e-con-full e-flex wpr-particle-no wpr-jarallax-no wpr-parallax-no wpr-sticky-section-no e-con e-child\" data-id=\"03159dc\" data-element_type=\"container\">\n\t\t\t\t<div class=\"elementor-element elementor-element-e7e8ec9 elementor-widget elementor-widget-image-box\" data-id=\"e7e8ec9\" data-element_type=\"widget\" data-widget_type=\"image-box.default\">\n\t\t\t\t<div class=\"elementor-widget-container\">\n\t\t\t\t\t<div class=\"elementor-image-box-wrapper\"><div class=\"elementor-image-box-content\"><h3 class=\"elementor-image-box-title\"><a href=\"https:\/\/higadocolombia.org\/wp-content\/uploads\/2024\/01\/CAP_VI.pdf\">Cap\u00edtulo 6.<\/a><\/h3><p class=\"elementor-image-box-description\">Ver documento<\/p><\/div><\/div>\t\t\t\t<\/div>\n\t\t\t\t<\/div>\n\t\t\t\t<\/div>\n\t\t<div class=\"elementor-element elementor-element-470ea34 e-con-full e-flex wpr-particle-no wpr-jarallax-no wpr-parallax-no wpr-sticky-section-no e-con e-child\" data-id=\"470ea34\" data-element_type=\"container\">\n\t\t\t\t<div class=\"elementor-element elementor-element-6b7b319 elementor-widget elementor-widget-image-box\" data-id=\"6b7b319\" data-element_type=\"widget\" data-widget_type=\"image-box.default\">\n\t\t\t\t<div class=\"elementor-widget-container\">\n\t\t\t\t\t<div class=\"elementor-image-box-wrapper\"><div class=\"elementor-image-box-content\"><h3 class=\"elementor-image-box-title\"><a href=\"https:\/\/higadocolombia.org\/wp-content\/uploads\/2024\/01\/CAP_VII.pdf\">Cap\u00edtulo 7.<\/a><\/h3><p class=\"elementor-image-box-description\">Ver documento<\/p><\/div><\/div>\t\t\t\t<\/div>\n\t\t\t\t<\/div>\n\t\t\t\t<\/div>\n\t\t<div class=\"elementor-element elementor-element-68a4908 e-con-full e-flex wpr-particle-no wpr-jarallax-no wpr-parallax-no wpr-sticky-section-no e-con e-child\" data-id=\"68a4908\" data-element_type=\"container\">\n\t\t\t\t<div class=\"elementor-element elementor-element-3a04327 elementor-widget elementor-widget-image-box\" data-id=\"3a04327\" data-element_type=\"widget\" data-widget_type=\"image-box.default\">\n\t\t\t\t<div class=\"elementor-widget-container\">\n\t\t\t\t\t<div class=\"elementor-image-box-wrapper\"><div class=\"elementor-image-box-content\"><h3 class=\"elementor-image-box-title\"><a href=\"https:\/\/higadocolombia.org\/wp-content\/uploads\/2024\/01\/CAP_8Y9.pdf\">Cap\u00edtulo 8-9.<\/a><\/h3><p class=\"elementor-image-box-description\">Ver documento<\/p><\/div><\/div>\t\t\t\t<\/div>\n\t\t\t\t<\/div>\n\t\t\t\t<\/div>\n\t\t\t\t\t<\/div>\n\t\t\t\t<\/div>\n\t\t\t\t<\/div>\n\t\t","protected":false},"excerpt":{"rendered":"<p>Estatutos Cap\u00edtulo 1. Ver documento Cap\u00edtulo 2. Ver documento Cap\u00edtulo 3. Ver documento Cap\u00edtulo 4. Ver documento Cap\u00edtulo 5. Ver documento Cap\u00edtulo 6. Ver documento Cap\u00edtulo 7. Ver documento Cap\u00edtulo 8-9. Ver documento<\/p>\n","protected":false},"author":1,"featured_media":0,"parent":0,"menu_order":0,"comment_status":"closed","ping_status":"closed","template":"elementor_header_footer","meta":{"footnotes":""},"_links":{"self":[{"href":"https:\/\/higadocolombia.org\/inicio\/wp-json\/wp\/v2\/pages\/302"}],"collection":[{"href":"https:\/\/higadocolombia.org\/inicio\/wp-json\/wp\/v2\/pages"}],"about":[{"href":"https:\/\/higadocolombia.org\/inicio\/wp-json\/wp\/v2\/types\/page"}],"author":[{"embeddable":true,"href":"https:\/\/higadocolombia.org\/inicio\/wp-json\/wp\/v2\/users\/1"}],"replies":[{"embeddable":true,"href":"https:\/\/higadocolombia.org\/inicio\/wp-json\/wp\/v2\/comments?post=302"}],"version-history":[{"count":13,"href":"https:\/\/higadocolombia.org\/inicio\/wp-json\/wp\/v2\/pages\/302\/revisions"}],"predecessor-version":[{"id":916,"href":"https:\/\/higadocolombia.org\/inicio\/wp-json\/wp\/v2\/pages\/302\/revisions\/916"}],"wp:attachment":[{"href":"https:\/\/higadocolombia.org\/inicio\/wp-json\/wp\/v2\/media?parent=302"}],"curies":[{"name":"wp","href":"https:\/\/api.w.org\/{rel}","templated":true}]}}